e 0 = 32*d - 36*d + 16. Suppose 0 = 2*s - 5*y - 1, s - 43 = -d*s - y. Suppose 0*w = 5*w - 145. What is the remainder when w is divided by s?
5
Let l(g) = 4*g**3 - 6*g**2 + 7. Let v be l(-3). Let o = v - -169. Suppose -10 + 30 = 4*z. What is the remainder when o is divided by z?
4
Calculate the remainder when (-1*44)/(3/((-17040)/32)) is divided by 28.
26
Suppose 4*k = 4*s - 692, 63*k + 173 = s + 61*k. What is the remainder when 286 is divided by s?
113
Let o = -981 + 1002. Suppose 0 = -5*r + 2*d + 300, -4*r + o*d - 25*d = -240. Calculate the remainder when 62 is divided by r.
2
Suppose 7*s + 176 + 13 = 0. Let f = 29 + s. Let x = f - -16. What is the remainder when 32 is divided by x?
14
Suppose -3*j - 8846 + 9053 = 0. Calculate the remainder when 727 is divided by j.
37
Let r = -572 + 582. Suppose 5*w + 2*j - 166 = 0, j + 7 = r. Calculate the remainder when 14/8*-2*-18 is divided by w.
31
Suppose 35 = 4*f - 5. Calculate the remainder when (354 - 342)*(14/8)/1 + -4 is divided by f.
7
Suppose 0 = -i + 8 - 0. Suppose -4*s = -i*s + 56. Calculate the remainder when -4 - ((-620)/(-4))/(-1) is divided by s.
11
Let t(a) = -a**3 - 52*a**2 - 64*a - 110. Let z be t(-51). Let u = z + -511. What is the remainder when u is divided by 19?
4
Calculate the remainder when (-32190)/148*(-3 + 1) is divided by 149.
137
Let d(v) be the third derivative of v**3/6 - 33*v**2. Let p(i) = 3*i - 21. Let h(t) = d(t) + p(t). Calculate the remainder when 15 is divided by h(10).
5
Let o(l) = 3*l - 109. Suppose 0 = -4*c + 2*u + 162, -2*c + 61 = -6*u + u. Calculate the remainder when 255 is divided by o(c).
15
Let x = -1 - -13. What is the remainder when 30/40 + ((-1089)/(-144))/((-3)/(-12)) is divided by x?
7
Let n(k) = -2*k - 7. Let y(s) = -2*s + 14. Let m be y(14). Let v = m - -3. Calculate the remainder when n(v) is divided by 4.
3
Let a(c) = -29*c**2 - c - 5. Let i be a(-2). Let j = 279 + i. Suppose 3*l = 479 + j. Calculate the remainder when l is divided by 36.
33
Suppose 0 = x + 3*x - 500. Let v be -7 + (-19 + 21)*9/2. Suppose -5*t + j + 744 = 0, 4*j - 155 - x = -v*t. What is the remainder when t is divided by 30?
28
Let s be -993 - (-12)/6*(-20)/(-8). Suppose 0*m - 5*u + 295 = 2*m, 4*m = -2*u + 614. What is the remainder when m is divided by (33/(-12) - -2)*s/57?
12
Let q = -54 - -30. Let m = q + 45. Suppose -4*x - 5 = -l + 8, 2*l = 3*x + m. Calculate the remainder when 19 is divided by l.
1
What is the remainder when 276 is divided by (15/25 + (-21)/10)*(-516)/18?
18
Let o = -286 - -292. Suppose -o*h = 26*h - 448. Calculate the remainder when h is divided by 12.
2
Let q(n) = n + 5. Let f(j) = 5*j + 42. Let b be f(0). Suppose -b = 17*l - 23*l. Calculate the remainder when l is divided by q(0).
2
Suppose 7*x = -21 + 63. What is the remainder when (1390/15)/(2/x) is divided by 28?
26
Let m be ((-16)/36)/((-3)/27). Suppose m*l + 22 = 6*l. Calculate the remainder when 69 is divided by l.
3
Suppose -3 = 2*s + 7. Let t = 37 - s. Let z = 4772 - 4565. Calculate the remainder when z is divided by t.
39
Let y(g) = -g**3 - 9*g**2 + 10*g + 3. Let b be y(-10). Suppose p - 24 = b*f - 4, 5*f + 24 = p. What is the remainder when p is divided by (-4 + -2 - -2) + 9?
4
Let v = 8 - 6. Suppose 0 = -p + 4*f + 26, -20 = 4*p - 5*p - v*f. Suppose 3*n = 23 + p. What is the remainder when 71 is divided by n?
11
Suppose 265 + 669 = -6*u + 8*u. Calculate the remainder when u is divided by 74.
23
Let k = -395 + 401. Suppose -2*i - 93 = -k*i - 5*q, -2*i = q - 51. Calculate the remainder when 52 is divided by i.
25
Suppose 5*l - 718 = -108. Let m = 46 - l. Let j = 1 - m. Calculate the remainder when j is divided by 9.
5
Calculate the remainder when 7908 is divided by (-105)/4*8/(-6).
33
Suppose 46 + 50 = q + 91. Suppose -5*z = o - 18, 4*o - 3*z - 56 = 108. Suppose -5*y + 47 = -o. Calculate the remainder when y is divided by q.
2
Let r = 48 + -49. Let f be 7/(((-1)/2)/r). Let m = f + 29. What is the remainder when m is divided by 11?
10
Suppose -2*b = -3*j - 330 + 278, -4*b = j - 90. What is the remainder when 429 is divided by b?
15
Let o(t) = 2*t + 3. Let i(z) = -1. Let u(q) = 6*i(q) - o(q). Let p be u(18). What is the remainder when 86 is divided by (-10)/p - (-518)/18?
28
Let o = -469 + 483. Let r be -1*(-1 - 0)*2. Suppose 0*i = -5*i - q + 335, 5*i = -r*q + 330. Calculate the remainder when i is divided by o.
12
Suppose 5*t = 2 + 23, o = 2*t. Let c be ((-1308)/10)/(-6) - (-2)/o. Calculate the remainder when 39 is divided by (-77)/c*(-24)/14.
3
What is the remainder when 2*(5358/28 + (-1)/(-7)) is divided by 218?
165
Let x = 178 - -30. Let u = x + -168. Calculate the remainder when u is divided by 23.
17
Suppose -45*y - 24*y + 11*y + 712994 = 0. What is the remainder when y is divided by 18?
17
Let g = 8204 - 8386. Let k be (-2 - -2 - 1)*116. Let y = k - g. What is the remainder when y is divided by 17?
15
Let g(c) = 151*c**2 + c + 1. Let d = -208662 + 208700. Calculate the remainder when g(-1) is divided by d.
37
Let c = -9664 - -9742. Calculate the remainder when 2885 is divided by c.
77
Let m = 7 + 98. Let x = m - 60. Suppose 3*s - 58 = 2*j, -j - 28 - 41 = -4*s. What is the remainder when x is divided by s?
13
Let m(p) = 36*p - 17. Let c be m(5). Suppose -23 = -5*z + 67. Let q = c - z. Calculate the remainder when q is divided by 21.
19
Let x(w) = 2*w**2 + 108*w - 508. Calculate the remainder when x(5) is divided by 9.
1
What is the remainder when 1780/320*8*(137 + 1) is divided by 613?
11
Suppose -5*d = -2*d + 6. What is the remainder when 2 - -47 - (1 - d) is divided by 8?
6
Let b be (20/30)/(2/42). Suppose b*x - 15*x = -8. Suppose 0 = -0*g - 10*g + 60. Calculate the remainder when x is divided by g.
2
Suppose 4*u + 2*f = u - 25, -u + 3*f = 12. What is the remainder when 89 is divided by (-14008)/(-306) + (-2)/u?
43
Let o = 156 + -154. Suppose 8*n - o*g - 24 = 6*n, 4*n = 3*g + 43. Calculate the remainder when 15 is divided by n.
1
Suppose -40 = -2*d - 5*j, 4*d - 10*j + 15*j - 70 = 0. Calculate the remainder when (-18)/99 - 1192/(-22) is divided by (d/9)/((-3)/(-9)).
4
Suppose 52 = 2*u - 10. Suppose 5*d - 3*y + 33 = 153, y = -5. What is the remainder when u is divided by d?
10
Suppose -80 = 5*k - 275. Let h(v) = v**2 - v - 1. Let o(a) = 3*a**2 - 11*a - 6. Let s(f) = 5*h(f) - o(f). What is the remainder when k is divided by s(-5)?
18
Suppose 9855 = 22*c + 23*c. Suppose 3*t + 3*b = -b + 8, -2*t - 2*b + 6 = 0. Calculate the remainder when c is divided by t.
3
Let f = -15355 - -15892. Calculate the remainder when f is divided by 90.
87
Let m = 2 + 0. Let r(l) = -10*l + 62. Let d be r(4). Suppose 0 = -6*j + 76 - d. What is the remainder when j is divided by m?
1
Let k = 59 + -38. Let u(j) = 38*j**2 - 6*j + 4. Let w be u(1). Suppose -3*r + 9*r = w. What is the remainder when k is divided by r?
3
Suppose -378*a - 25 = -383*a, 27525 = 10*i + 3*a. What is the remainder when i is divided by 910?
21
Calculate the remainder when (-36668)/534*3/(-2) is divided by 30.
13
Let f = 3605 - 3598. What is the remainder when 1040 is divided by f?
4
Let o(m) = m**3 + 4*m**2 + 4*m + 17. Let x(u) = u**3 + 5*u**2 + 3*u + 17. Let w(g) = -2*o(g) + 3*x(g). What is the remainder when 87 is divided by w(-6)?
40
Let t = 12735 - 12689. What is the remainder when 160 is divided by t?
22
Suppose -4047 = -100*w - 447. What is the remainder when 286 is divided by w?
34
Suppose 3*k - 734 = 85. What is the remainder when k is divided by 70?
63
Let o(m) = 11*m + 5. Let d = 91 - 127. Let r = 53 + d. Calculate the remainder when o(4) is divided by r.
15
Let s(z) be the first derivative of z**4/4 + 2*z**3 - 7*z**2/2 - 3*z + 6. Calculate the remainder when s(-6) is divided by (40/(-16))/(1/(-2)) - -7.
3
Let o = 108 - 107. Suppose 17 = 6*j - o. Let m(l) = l**2 - 4*l + 6. What is the remainder when j is divided by m(3)?
0
Let g = -8 + 37. Let i = 1710 - 1681. Calculate the remainder when i is divided by g.
0
Let u be (115 - -3) + (-3 - -1). Suppose 20*d - 3*b - u = 16*d, -29 = -d + 5*b. Calculate the remainder when (-2)/(4 - 2)*-113 is divided by d.
26
Let j = 22 - 6. Let d = 3 - -3. Suppose -2*v + 20 = d. Calculate the remainder when j is divided by v.
2
Suppose 0 = -3*s - f + 66, -167*s + 171*s + 3*f - 88 = 0. What is the remainder